 factor of 19576410?
True
Is 16683843 a multiple of 363?
True
Is 32137888 a multiple of 813?
False
Does 2473 divide 1034647403?
False
Is 564 a factor of 297689352?
True
Is 13 a factor of 2065302004?
False
Does 9 divide 3985865?
False
Does 772 divide 360936248?
True
Does 7 divide 12686828?
True
Is 299 a factor of 571244415?
False
Does 4631 divide 3173527571?
False
Is 178 a factor of 12712366?
False
Does 177 divide 474443544?
True
Is 266 a factor of 83947396?
False
Is 1155 a factor of 85553160?
True
Is 433429361 a multiple of 14755?
False
Is 72040143 a multiple of 3?
True
Is 2971619910 a multiple of 50?
False
Does 444 divide 34774535?
False
Does 42 divide 19456038?
True
Is 1672 a factor of 179557752?
True
Is 1656753887 a multiple of 233?
False
Is 255796576 a multiple of 3?
False
Is 156487579 a multiple of 31?
False
Does 2148 divide 113601787?
False
Is 15 a factor of 5693475?
True
Is 579931931 a multiple of 12?
False
Is 266773180 a multiple of 4?
True
Does 518 divide 144151630?
True
Is 6496 a factor of 379585596?
False
Is 6 a factor of 168885243?
False
Is 1205 a factor of 4055820330?
True
Is 8 a factor of 13372380?
False
Does 12 divide 70321997?
False
Is 105599900 a multiple of 245?
True
Is 57170478 a multiple of 86?
True
Is 174202145 a multiple of 28?
False
Does 110 divide 92615600?
True
Does 8 divide 243163824?
True
Is 1046472174 a multiple of 33?
True
Is 58 a factor of 234627444?
False
Is 29041993 a multiple of 181?
True
Is 135 a factor of 40690485?
True
Does 461 divide 1498991599?
False
Does 271 divide 6446548?
True
Does 36 divide 232521876?
True
Does 9 divide 40523816?
False
Is 1315 a factor of 689139201?
False
Is 100 a factor of 1010660595?
False
Does 137 divide 378949124?
True
Is 173912638 a multiple of 864?
False
Is 61 a factor of 26581386?
False
Is 484280313 a multiple of 1991?
False
Is 62170007 a multiple of 2936?
False
Is 912842964 a multiple of 498?
True
Is 451718176 a multiple of 28?
True
Is 31 a factor of 198356007?
False
Is 1801689936 a multiple of 12?
True
Does 235 divide 158847956?
False
Is 9 a factor of 16829287?
False
Is 35 a factor of 34872408?
False
Is 613 a factor of 67664166?
True
Is 98286879 a multiple of 10?
False
Is 40507089 a multiple of 31?
False
Is 232817394 a multiple of 5046?
True
Does 176 divide 4116933?
False
Does 132 divide 6155659356?
True
Is 85 a factor of 718752663?
False
Does 138 divide 4726625?
False
Is 13413576 a multiple of 8?
True
Is 11573696 a multiple of 139?
True
Is 52784825 a multiple of 305?
True
Is 25 a factor of 154348501?
False
Is 20 a factor of 93637454?
False
Does 76 divide 221794524?
True
Does 150 divide 1316412645?
False
Is 213 a factor of 593487670?
False
Does 3326 divide 114091778?
True
Is 645 a factor of 14093250?
True
Is 26614812 a multiple of 268?
True
Is 2340702 a multiple of 26?
True
Is 14780800 a multiple of 640?
True
Is 125073578 a multiple of 525?
False
Is 176044002 a multiple of 7?
False
Is 9 a factor of 53100263?
False
Is 704 a factor of 26202480?
False
Does 25 divide 6973750?
True
Is 36739610 a multiple of 1769?
False
Does 434 divide 405997018?
True
Does 307 divide 1820067920?
True
Does 257 divide 766043544?
False
Is 16227668 a multiple of 2?
True
Is 1017 a factor of 51085785?
False
Does 92 divide 3374468?
True
Is 131560560 a multiple of 1770?
True
Is 18 a factor of 374002326?
True
Is 99 a factor of 148157591?
False
Is 25773719 a multiple of 47?
True
Is 345 a factor of 210264735?
True
Is 5 a factor of 29182985?
True
Is 35 a factor of 493348361?
False
Does 67 divide 11986166?
True
Is 1873962112 a multiple of 32?
True
Does 559 divide 471643238?
False
Is 54140776 a multiple of 652?
True
Does 11 divide 9247270?
False
Is 9 a factor of 365773203?
True
Is 14 a factor of 451618972?
True
Is 2368 a factor of 1181374639?
False
Does 83 divide 6485620?
True
Does 8 divide 85578862?
False
Is 230 a factor of 18594580?
True
Does 5 divide 11945765?
True
Is 83775365 a multiple of 677?
True
Is 7295164 a multiple of 38?
True
Does 1345 divide 78421805?
False
Does 29 divide 26690208?
True
Is 227364228 a multiple of 7?
True
Is 6 a factor of 25979125?
False
Does 9 divide 657484306?
False
Is 1349 a factor of 1672819356?
True
Is 3888 a factor of 237288528?
True
Is 150554112 a multiple of 12?
True
Is 37 a factor of 35123989?
True
Is 29 a factor of 1068532840?
True
Is 324574276 a multiple of 109?
False
Is 13 a factor of 706304448?
False
Is 315137664 a multiple of 3?
True
Does 1615 divide 152717630?
True
Does 4 divide 82206060?
True
Does 11 divide 390610261?
False
Is 6 a factor of 56595954?
True
Is 2668113 a multiple of 63?
True
Is 2969489349 a multiple of 27?
True
Is 8788416 a multiple of 168?
True
Does 18 divide 223161858?
True
Does 31 divide 90883227?
True
Does 3890 divide 442510243?
False
Is 140 a factor of 24891985?
False
Is 18361929 a multiple of 597?
True
Is 36332625 a multiple of 35?
True
Does 819 divide 73480680?
True
Does 510 divide 28467708?
False
Does 970 divide 101132340?
False
Is 6995154 a multiple of 345?
False
Is 32 a factor of 121749728?
True
Does 27 divide 56008341?
True
Is 3 a factor of 518113830?
True
Is 324 a factor of 9363600?
True
Is 9334 a factor of 753645828?
True
Is 216 a factor of 962347608?
True
Is 397 a factor of 314296587?
False
Is 145 a factor of 36865023?
False
Does 32 divide 336267008?
True
Is 410493310 a multiple of 10?
True
Does 37 divide 15212402?
True
Is 97 a factor of 145100140?
False
Is 3446009672 a multiple of 56?
True
Is 262494468 a multiple of 67?
False
Is 2059 a factor of 260757068?
False
Is 6 a factor of 11502177?
False
Is 115 a factor of 93274114?
False
Is 2051 a factor of 56162533?
True
Does 7 divide 170490584?
False
Does 48 divide 123582682?
False
Is 7321 a factor of 2092700529?
True
Does 6140 divide 1184593092?
False
Is 5 a factor of 10064445?
True
Is 5718 a factor of 847599455?
False
Does 235 divide 340442932?
False
Is 256079391 a multiple of 2084?
False
Is 668 a factor of 158243754?
False
Is 1708057440 a multiple of 36?
True
Is 39 a factor of 43406142?
True
Is 1355283197 a multiple of 31?
False
Is 216 a factor of 1366997124?
False
Is 329367498 a multiple of 713?
True
Is 7 a factor of 54480594?
True
Is 817452 a multiple of 87?
True
Is 6 a factor of 1446825175?
False
Is 544 a factor of 405082528?
True
Is 1308996022 a multiple of 239?
False
Is 429 a factor of 13016289?
True
Is 2615 a factor of 23510070?
False
Is 132510518 a multiple of 14?
True
Does 19 divide 113904819?
False
Does 130 divide 1318927740?
True
Is 1095721887 a multiple of 12?
False
Is 114 a factor of 22086854?
False
Is 267052692 even?
True
Does 8 divide 861270499?
False
Is 958988 a multiple of 47?
True
Is 46058450 a multiple of 11?
False
Is 10345459 a multiple of 515?
False
Is 135 a factor of 42906979?
False
Is 466 a factor of 58070124?
True
Does 2804 divide 10343956?
True
Is 12362328 a multiple of 129?
True
Is 39615403 a multiple of 87?
False
Does 104 divide 475568392?
True
Is 11 a factor of 34348522?
False
Does 55 divide 3992567975?
True
Is 291 a factor of 3066799821?
True
Does 1345 divide 84234123?
False
Is 1989360736 a multiple of 88?
True
Is 2355 a factor of 272754795?
False
Is 306704187 a multiple of 36?
False
Is 364844797 a multiple of 18?
False
Does 3455 divide 7416452?
False
Is 699516638 a multiple of 1318?
True
Does 3106 divide 1941548628?
False
Is 20 a factor of 105845200?
True
Does 217 divide 2235520612?
False
Does 7 divide 214628668?
False
Is 94349319 a multiple of 177?
True
Is 59 a factor of 121716587?
True
Is 1864139930 a multiple of 10?
True
Does 10 divide 90493078?
False
Is 690 a factor of 362300071?
False
Is 202578577 a multiple of 4211?
True
Is 2638 a factor of 81599346?
False
Does 19 divide 138191484?
True
Is 137008737 a multiple of 19?
False
Is 53059188 a multiple of 546?
True
Is 130 a factor of 4201371460?
True
Does 165 divide 658784445?
True
Is 260 a factor of 1097875480?
True
Is 18 a factor of 295847046?
True
Is 35 a factor of 9941544?
False
Is 26995830 a multiple of 20?
False
Is 2966 a factor of 774058984?
False
Is 2447741399 a multiple of 102?
False
Is 7794095 a multiple of 42?
False
Is 116600858 a multiple of 8?
False
Is 14055958 a multiple of 34?
False
Does 12 divide 31947572?
False
Does 1118 divide 61392734?
True
Is 4384 a factor of 551748320?
True
Does 5046 divide 8